5, 13
Suppose -4*p + 140 = 4*u, -3*u = 2*u + 4*p - 170. Suppose -5*d + 4*o + u = 0, 2*o + 4 = -d - 4. What are the prime factors of (4 - d)*-1 + 6?
2
Let d(j) = -j + 3. Suppose -y + 81 = 2*t - 2*y, y + 207 = 5*t. Suppose 5*l + q + t = 0, -q = 3*l - 2*q + 22. List the prime factors of d(l).
11
Suppose -2*b - 5 = 1. Let d = -92 - -110. Let z = b + d. List the prime factors of z.
3, 5
Suppose 2*r - 5*g + 2*g - 66 = 0, -g = -4. Let x = r - 27. List the prime factors of x.
2, 3
Let a(m) = -3*m + 54. List the prime factors of a(11).
3, 7
Let t = -6 - -9. Suppose 54 = 5*x + 3*h, 51 = 4*x - 0*h + 5*h. Suppose 5*k = 2 + 3, 0 = 3*d - t*k - x. What are the prime factors of d?
2
List the prime factors of 20/25*(-10)/4 - -33.
31
Let h(v) = -v - 3. Let c be h(-6). Let y = c + 10. List the prime factors of y.
13
Let l be (-2)/(-9) - 158/(-18). Suppose -d = 28 + l. Let v = 61 + d. What are the prime factors of v?
2, 3
Let o(f) = -f**2 + 7*f + 8. Let u be o(9). Let c = 15 + u. List the prime factors of c.
5
Let w(y) be the second derivative of -5*y**3/6 - 3*y**2/2 - 4*y. List the prime factors of w(-3).
2, 3
Let z(g) = -11*g - 1. Let r(v) = 1. Let p(n) = r(n) + z(n). Let l(b) = -b**3 - 4*b**2 + b + 3. Let a be l(-4). List the prime factors of p(a).
11
Let q = 174 - 93. What are the prime factors of q?
3
Suppose -5 + 21 = 4*x. Suppose -15 - 9 = x*d. Let q(s) = -s + 4. What are the prime factors of q(d)?
2, 5
Let n be 128/6 - (-14)/21. Let a = n - 14. List the prime factors of a.
2
Let t = 15 - 21. Let f(d) = -4*d + 2. What are the prime factors of f(t)?
2, 13
Suppose 0 = 2*a - 5*a + 12. Suppose 0*y + 2*y - a = 0, -5*j - y = -37. List the prime factors of j.
7
Suppose 2 = 5*h - 3. Let d be 39 - 1 - (-1 - h). Suppose d = 4*n + 8. What are the prime factors of n?
2
Let c(f) = -4*f - 4. Suppose i = 2*i. Let d = i + -4. What are the prime factors of c(d)?
2, 3
Suppose 6*d = -t + 3*d + 10, 4*d = 5*t - 12. Let s be 83/2 + (-2)/t. Suppose 4 = 5*p - s. List the prime factors of p.
3
Suppose -4*n - 58 = -5*n. Let h = n + -14. Suppose 0*a + 4*a = h. What are the prime factors of a?
11
Suppose 3*c = -2*c + 15, 88 = 2*n - 4*c. List the prime factors of n.
2, 5
Let r = -35 - -75. List the prime factors of r.
2, 5
Let y = -6 - -8. Suppose -y - 4 = -r. List the prime factors of r.
2, 3
Let q = -313 + 642. What are the prime factors of q?
7, 47
Let g(x) = 2*x**2 - x - 1. Let n be g(-1). Suppose -r = n - 5. List the prime factors of r.
3
Let d(z) = 4*z**2 - 10*z + 4. List the prime factors of d(7).
2, 5, 13
Let p = 20 + -12. Let l = p - 6. What are the prime factors of l?
2
Suppose j = -2 + 8. List the prime factors of j.
2, 3
Let j = -1 - -4. List the prime factors of 1 - (j + (-6 - 3)).
7
Let i be (-5)/(-2) - (-1)/2. Suppose -d - i*d = -8. What are the prime factors of (-11)/(-1) - d/1?
3
Suppose 380 = 4*r - 4*a, 2*a = -0*r - 2*r + 202. List the prime factors of r.
2, 7
Let v = -36 - -69. List the prime factors of v.
3, 11
Let b(i) = -i + 3. Let h be b(7). Let s = h - -6. Suppose 0 = -2*l + 3*a + s, -8 = -4*l + l + 2*a. What are the prime factors of l?
2
Suppose -a = 3*c - 662, -229 = -4*c + 3*c - 2*a. List the prime factors of c.
3, 73
Let c be 523/5 - 2/(-5). Let x = -73 + c. List the prime factors of x.
2
Let p(g) = g**3 - 3*g**2 + 2*g - 3. Let z be p(3). Suppose 0 + z = x. List the prime factors of x.
3
Let n = -45 + 131. What are the prime factors of n?
2, 43
Let u(c) = 0*c + c + 2*c + 1 - 2*c + c**2. Let l be u(-2). Suppose 0 = 3*o - l - 9, -33 = -j - 5*o. What are the prime factors of j?
13
Let g = 3 - 1. Suppose 4*x = -o + 28 + 7, -2*o + g*x = -40. List the prime factors of o.
23
Let b(w) be the second derivative of -w**3/6 - w**2/2 - w. Let h be b(-6). Suppose -16 = 3*t - h*t. List the prime factors of t.
2
Suppose 3*f = -2*f + 60. Suppose -3*g + f = -0. Suppose 20 = -g*u + 64. What are the prime factors of u?
11
Let u(n) = n. Let d be 0 + 1/(2/4). Let m be u(d). Suppose m*v + 3*h - 25 = 0, -2*v - 3*h = 2*v - 47. What are the prime factors of v?
11
What are the prime factors of 11 - 12 - -1*38?
37
Let y(p) = -p + 9. Let x be y(4). Suppose 5*s - s + 3*z - 132 = 0, 4*s + x*z = 132. What are the prime factors of s?
3, 11
Let s(o) = o**2 + o - 1. Let j(l) = -l**2 + 2*l + 1. Let y be j(4). What are the prime factors of s(y)?
41
Suppose n = -2*n + 6. Suppose 0 = -4*z + 2*b - b + 79, -n = -2*b. Suppose 5*j - z + 5 = 0, 3*j = 2*a - 15. List the prime factors of a.
2, 3
What are the prime factors of -655*((-15)/(-25) + -1)?
2, 131
Suppose t = -4*b + 38, -3*t + 4*b - 5*b + 125 = 0. Suppose 0 = 3*o - o - t. What are the prime factors of o?
3, 7
What are the prime factors of (1115/9 - -2) + 8/72?
2, 3, 7
Suppose -2*p + 6*p = -12. Suppose 2*i - 3*i - 2 = 0. List the prime factors of 2 - ((-48)/p)/i.
2, 5
Let j(i) = -i**2 + 10*i + 11. List the prime factors of j(8).
3
Let v = 68 + -36. List the prime factors of v.
2
Suppose -155 = -3*y - 2*y. Let u(z) = -z**2 + 4*z. Let p be u(3). Suppose -p*h - 5*t - 1 = 0, -2*h = -0*h - 3*t - y. List the prime factors of h.
2
Suppose 5*r - 275 = -4*n, 0 = 3*n + 2*r - r - 220. List the prime factors of n.
3, 5
Let q = 4 + 0. Suppose -2*b - 5*u = -31, -2*b - q*u = -4*b + 22. What are the prime factors of b?
13
Let m(o) = 19*o + 1. Let q be m(1). Let t be (1 + 2)/3 + -1. Suppose q = -t*l + 2*l. What are the prime factors of l?
2, 5
Suppose 3*g + 32 = i - 5*i, i - 4*g = -8. Let b = i + 3. What are the prime factors of 3/b*1*-5?
3
Suppose 5 = -5*g, -g - 2 = -r + 2. Suppose 4 = r*b + 1, -4*a - 4*b = -116. List the prime factors of a.
2, 7
Let q(l) = 5*l**2 - 5*l + 3. What are the prime factors of q(3)?
3, 11
Let a(y) = y**2 - 10*y - 18. Suppose 0 = 3*r - 2*r - 13. What are the prime factors of a(r)?
3, 7
Suppose 3 = 3*d + s, 1 = 3*d + 2*s - 2. Suppose z + 1 = 0, 2*n + z - 2 = d. Suppose -x - 5 = -n*k, -3*x + 7 = -2*k + 2*x. List the prime factors of k.
2
List the prime factors of ((-3)/6)/(1/(-108)).
2, 3
Let s = 6 + 3. Suppose s = 4*f - 35. Suppose 0*j = -j + f. List the prime factors of j.
11
Suppose -3*p = -q - 59, 0 = -5*q - 25 - 0. List the prime factors of 303/27 - 4/p.
11
Suppose 5*t + 4*x - 89 = 0, 3*x = t + 4*x - 17. What are the prime factors of t?
3, 7
Let f(l) = -l - 8. Let k be f(-10). Suppose -k*c = -6 - 4. What are the prime factors of c?
5
Suppose 0 = -u + 2, -f + 3*u - 4 = 5*u. Suppose -2*p - 2*v = -7 - 21, 4*p - 4*v = 72. Let g = p + f. What are the prime factors of g?
2
Let b(a) = -2*a**3 + 16*a**2 + 4*a + 9. List the prime factors of b(8).
41
Let q be ((0 - 1) + -1)*3. Suppose 0 = -2*k - 4, 0 = 5*f + 4*k - 2. List the prime factors of ((-3)/q - -2)*f.
5
Let o be 30/(-7) + (-4)/(-14). Let w = 23 + o. List the prime factors of w.
19
Let r(o) = -3*o - 4. Let n be r(-5). Let c be (-8)/44 + 35/n. Let j = c - -1. List the prime factors of j.
2
Let a = 40 + -3. List the prime factors of a.
37
Suppose -3*z + 10 = 2*z. Let g = 4 - z. Suppose 2*i - 2*j + g = 0, 4*i + 2*j - 17 = i. What are the prime factors of i?
3
Suppose -b - 6 = -3*b. What are the prime factors of b?
3
Let k(n) = -2*n - 9. Let l be k(-6). Suppose 5*b = -4*j + 153, l*b = 4*j + 157 - 46. What are the prime factors of b?
3, 11
Suppose -v + 2 - 38 = -4*l, -4*l + 40 = -2*v. Suppose 5*i = 2*i - 15. Let b = l + i. What are the prime factors of b?
3
Suppose 0 = -5*n + 15, 2*n - n = 2*h - 9. Suppose 0 = -h*y + y. Suppose -w + 2*l + l - 11 = 0, y = -5*l + 25. What are the prime factors of w?
2
Suppose 9 = 4*m - 3. Suppose 4*z = -4*h + m*h + 16, 3*z = -h + 18. Let v = h - 12. List the prime factors of v.
2, 3
Let r(w) = 87*w**2 - 1. What are the prime factors of r(1)?
2, 43
Let x = 49 - 35. What are the prime factors of x?
2, 7
Let q(h) = -h**2 - h + 32. Let l be q(0). Suppose -5*p + 15 = 0, -2*j = 2*j + 4*p - l. What are the prime factors of j?
5
Let m be (-182 - -2)*(-2)/4. Suppose 0 = -3*v + f + 90, 3*v + 4*f - m = -0*v. Suppose -8*s + 5*s = -v. What are the prime factors of s?
2, 5
What are the prime factors of 6/5*38/(-4)*-15?
3, 19
Suppose -21*x - 938 = -28*x. What are the prime factors of x?
2, 67
Let i(f) be the first derivative of -f**4/4 - f**3 - 2*f**2 - 4*f + 1. Let h = 2 + -5. List the prime factors of i(h).
2
Suppose -1028 = 6*f - 3050. What are the prime factors o